{"id":55873,"date":"2024-11-06T16:01:31","date_gmt":"2024-11-06T15:01:31","guid":{"rendered":"https:\/\/www.insuco.com\/project\/analyse-du-systeme-national-de-gestion-environnemental-et-social-cote-divoire\/"},"modified":"2024-11-06T16:10:54","modified_gmt":"2024-11-06T15:10:54","slug":"analisis-del-sistema-nacional-de-gestion-ambiental-y-social-de-cote-d-ivoire","status":"publish","type":"project","link":"https:\/\/www.insuco.com\/es\/project\/analisis-del-sistema-nacional-de-gestion-ambiental-y-social-de-cote-d-ivoire\/","title":{"rendered":"An\u00e1lisis del Sistema Nacional de Gesti\u00f3n Ambiental y Social &#8211; C\u00f4te d&#8217;Ivoire<br><br>"},"content":{"rendered":"","protected":false},"excerpt":{"rendered":"","protected":false},"author":9,"featured_media":55870,"comment_status":"closed","ping_status":"closed","template":"","meta":{"_acf_changed":false,"_et_pb_use_builder":"","_et_pb_old_content":"","_et_gb_content_width":"","footnotes":""},"project_category":[],"project_tag":[],"region":[106,117],"secteur":[153,165],"services":[109,173],"client":[185],"class_list":["post-55873","project","type-project","status-publish","has-post-thumbnail","hentry","region-africa-es","region-costa-de-marfil","secteur-agricultura-agro-industria","secteur-recursos-naturales","services-estudios","services-gestion-social","client-organizaciones-internacionales"],"acf":[],"yoast_head":"<!-- This site is optimized with the Yoast SEO plugin v26.0 - https:\/\/yoast.com\/wordpress\/plugins\/seo\/ -->\n<title>An\u00e1lisis del Sistema Nacional de Gesti\u00f3n Ambiental y Social - C\u00f4te d&#039;Ivoire - Insuco<\/title>\n<meta name=\"robots\" content=\"index, follow, max-snippet:-1, max-image-preview:large, max-video-preview:-1\" \/>\n<link rel=\"canonical\" href=\"https:\/\/www.insuco.com\/es\/project\/analisis-del-sistema-nacional-de-gestion-ambiental-y-social-de-cote-d-ivoire\/\" \/>\n<meta property=\"og:locale\" content=\"es_ES\" \/>\n<meta property=\"og:type\" content=\"article\" \/>\n<meta property=\"og:title\" content=\"An\u00e1lisis del Sistema Nacional de Gesti\u00f3n Ambiental y Social - C\u00f4te d&#039;Ivoire - Insuco\" \/>\n<meta property=\"og:url\" content=\"https:\/\/www.insuco.com\/es\/project\/analisis-del-sistema-nacional-de-gestion-ambiental-y-social-de-cote-d-ivoire\/\" \/>\n<meta property=\"og:site_name\" content=\"Insuco\" \/>\n<meta property=\"article:modified_time\" content=\"2024-11-06T15:10:54+00:00\" \/>\n<meta property=\"og:image\" content=\"https:\/\/www.insuco.com\/wp-content\/uploads\/2024\/11\/Image1.jpg\" \/>\n\t<meta property=\"og:image:width\" content=\"605\" \/>\n\t<meta property=\"og:image:height\" content=\"454\" \/>\n\t<meta property=\"og:image:type\" content=\"image\/jpeg\" \/>\n<meta name=\"twitter:card\" content=\"summary_large_image\" \/>\n<script type=\"application\/ld+json\" class=\"yoast-schema-graph\">{\"@context\":\"https:\/\/schema.org\",\"@graph\":[{\"@type\":\"WebPage\",\"@id\":\"https:\/\/www.insuco.com\/es\/project\/analisis-del-sistema-nacional-de-gestion-ambiental-y-social-de-cote-d-ivoire\/\",\"url\":\"https:\/\/www.insuco.com\/es\/project\/analisis-del-sistema-nacional-de-gestion-ambiental-y-social-de-cote-d-ivoire\/\",\"name\":\"An\u00e1lisis del Sistema Nacional de Gesti\u00f3n Ambiental y Social - C\u00f4te d'Ivoire - Insuco\",\"isPartOf\":{\"@id\":\"https:\/\/www.insuco.com\/es\/#website\"},\"primaryImageOfPage\":{\"@id\":\"https:\/\/www.insuco.com\/es\/project\/analisis-del-sistema-nacional-de-gestion-ambiental-y-social-de-cote-d-ivoire\/#primaryimage\"},\"image\":{\"@id\":\"https:\/\/www.insuco.com\/es\/project\/analisis-del-sistema-nacional-de-gestion-ambiental-y-social-de-cote-d-ivoire\/#primaryimage\"},\"thumbnailUrl\":\"https:\/\/www.insuco.com\/wp-content\/uploads\/2024\/11\/Image1.jpg\",\"datePublished\":\"2024-11-06T15:01:31+00:00\",\"dateModified\":\"2024-11-06T15:10:54+00:00\",\"breadcrumb\":{\"@id\":\"https:\/\/www.insuco.com\/es\/project\/analisis-del-sistema-nacional-de-gestion-ambiental-y-social-de-cote-d-ivoire\/#breadcrumb\"},\"inLanguage\":\"es\",\"potentialAction\":[{\"@type\":\"ReadAction\",\"target\":[\"https:\/\/www.insuco.com\/es\/project\/analisis-del-sistema-nacional-de-gestion-ambiental-y-social-de-cote-d-ivoire\/\"]}]},{\"@type\":\"ImageObject\",\"inLanguage\":\"es\",\"@id\":\"https:\/\/www.insuco.com\/es\/project\/analisis-del-sistema-nacional-de-gestion-ambiental-y-social-de-cote-d-ivoire\/#primaryimage\",\"url\":\"https:\/\/www.insuco.com\/wp-content\/uploads\/2024\/11\/Image1.jpg\",\"contentUrl\":\"https:\/\/www.insuco.com\/wp-content\/uploads\/2024\/11\/Image1.jpg\",\"width\":605,\"height\":454},{\"@type\":\"BreadcrumbList\",\"@id\":\"https:\/\/www.insuco.com\/es\/project\/analisis-del-sistema-nacional-de-gestion-ambiental-y-social-de-cote-d-ivoire\/#breadcrumb\",\"itemListElement\":[{\"@type\":\"ListItem\",\"position\":1,\"name\":\"Accueil\",\"item\":\"https:\/\/www.insuco.com\/es\/\"},{\"@type\":\"ListItem\",\"position\":2,\"name\":\"Proyectos\",\"item\":\"https:\/\/www.insuco.com\/es\/project\/\"},{\"@type\":\"ListItem\",\"position\":3,\"name\":\"An\u00e1lisis del Sistema Nacional de Gesti\u00f3n Ambiental y Social &#8211; C\u00f4te d&#8217;Ivoire\"}]},{\"@type\":\"WebSite\",\"@id\":\"https:\/\/www.insuco.com\/es\/#website\",\"url\":\"https:\/\/www.insuco.com\/es\/\",\"name\":\"Insuco\",\"description\":\"Local understanding for sustainable solutions\",\"potentialAction\":[{\"@type\":\"SearchAction\",\"target\":{\"@type\":\"EntryPoint\",\"urlTemplate\":\"https:\/\/www.insuco.com\/es\/?s={search_term_string}\"},\"query-input\":{\"@type\":\"PropertyValueSpecification\",\"valueRequired\":true,\"valueName\":\"search_term_string\"}}],\"inLanguage\":\"es\"}]}<\/script>\n<!-- \/ Yoast SEO plugin. -->","yoast_head_json":{"title":"An\u00e1lisis del Sistema Nacional de Gesti\u00f3n Ambiental y Social - C\u00f4te d'Ivoire - Insuco","robots":{"index":"index","follow":"follow","max-snippet":"max-snippet:-1","max-image-preview":"max-image-preview:large","max-video-preview":"max-video-preview:-1"},"canonical":"https:\/\/www.insuco.com\/es\/project\/analisis-del-sistema-nacional-de-gestion-ambiental-y-social-de-cote-d-ivoire\/","og_locale":"es_ES","og_type":"article","og_title":"An\u00e1lisis del Sistema Nacional de Gesti\u00f3n Ambiental y Social - C\u00f4te d'Ivoire - Insuco","og_url":"https:\/\/www.insuco.com\/es\/project\/analisis-del-sistema-nacional-de-gestion-ambiental-y-social-de-cote-d-ivoire\/","og_site_name":"Insuco","article_modified_time":"2024-11-06T15:10:54+00:00","og_image":[{"width":605,"height":454,"url":"https:\/\/www.insuco.com\/wp-content\/uploads\/2024\/11\/Image1.jpg","type":"image\/jpeg"}],"twitter_card":"summary_large_image","schema":{"@context":"https:\/\/schema.org","@graph":[{"@type":"WebPage","@id":"https:\/\/www.insuco.com\/es\/project\/analisis-del-sistema-nacional-de-gestion-ambiental-y-social-de-cote-d-ivoire\/","url":"https:\/\/www.insuco.com\/es\/project\/analisis-del-sistema-nacional-de-gestion-ambiental-y-social-de-cote-d-ivoire\/","name":"An\u00e1lisis del Sistema Nacional de Gesti\u00f3n Ambiental y Social - C\u00f4te d'Ivoire - Insuco","isPartOf":{"@id":"https:\/\/www.insuco.com\/es\/#website"},"primaryImageOfPage":{"@id":"https:\/\/www.insuco.com\/es\/project\/analisis-del-sistema-nacional-de-gestion-ambiental-y-social-de-cote-d-ivoire\/#primaryimage"},"image":{"@id":"https:\/\/www.insuco.com\/es\/project\/analisis-del-sistema-nacional-de-gestion-ambiental-y-social-de-cote-d-ivoire\/#primaryimage"},"thumbnailUrl":"https:\/\/www.insuco.com\/wp-content\/uploads\/2024\/11\/Image1.jpg","datePublished":"2024-11-06T15:01:31+00:00","dateModified":"2024-11-06T15:10:54+00:00","breadcrumb":{"@id":"https:\/\/www.insuco.com\/es\/project\/analisis-del-sistema-nacional-de-gestion-ambiental-y-social-de-cote-d-ivoire\/#breadcrumb"},"inLanguage":"es","potentialAction":[{"@type":"ReadAction","target":["https:\/\/www.insuco.com\/es\/project\/analisis-del-sistema-nacional-de-gestion-ambiental-y-social-de-cote-d-ivoire\/"]}]},{"@type":"ImageObject","inLanguage":"es","@id":"https:\/\/www.insuco.com\/es\/project\/analisis-del-sistema-nacional-de-gestion-ambiental-y-social-de-cote-d-ivoire\/#primaryimage","url":"https:\/\/www.insuco.com\/wp-content\/uploads\/2024\/11\/Image1.jpg","contentUrl":"https:\/\/www.insuco.com\/wp-content\/uploads\/2024\/11\/Image1.jpg","width":605,"height":454},{"@type":"BreadcrumbList","@id":"https:\/\/www.insuco.com\/es\/project\/analisis-del-sistema-nacional-de-gestion-ambiental-y-social-de-cote-d-ivoire\/#breadcrumb","itemListElement":[{"@type":"ListItem","position":1,"name":"Accueil","item":"https:\/\/www.insuco.com\/es\/"},{"@type":"ListItem","position":2,"name":"Proyectos","item":"https:\/\/www.insuco.com\/es\/project\/"},{"@type":"ListItem","position":3,"name":"An\u00e1lisis del Sistema Nacional de Gesti\u00f3n Ambiental y Social &#8211; C\u00f4te d&#8217;Ivoire"}]},{"@type":"WebSite","@id":"https:\/\/www.insuco.com\/es\/#website","url":"https:\/\/www.insuco.com\/es\/","name":"Insuco","description":"Local understanding for sustainable solutions","potentialAction":[{"@type":"SearchAction","target":{"@type":"EntryPoint","urlTemplate":"https:\/\/www.insuco.com\/es\/?s={search_term_string}"},"query-input":{"@type":"PropertyValueSpecification","valueRequired":true,"valueName":"search_term_string"}}],"inLanguage":"es"}]}},"_links":{"self":[{"href":"https:\/\/www.insuco.com\/es\/wp-json\/wp\/v2\/project\/55873","targetHints":{"allow":["GET"]}}],"collection":[{"href":"https:\/\/www.insuco.com\/es\/wp-json\/wp\/v2\/project"}],"about":[{"href":"https:\/\/www.insuco.com\/es\/wp-json\/wp\/v2\/types\/project"}],"author":[{"embeddable":true,"href":"https:\/\/www.insuco.com\/es\/wp-json\/wp\/v2\/users\/9"}],"replies":[{"embeddable":true,"href":"https:\/\/www.insuco.com\/es\/wp-json\/wp\/v2\/comments?post=55873"}],"version-history":[{"count":2,"href":"https:\/\/www.insuco.com\/es\/wp-json\/wp\/v2\/project\/55873\/revisions"}],"predecessor-version":[{"id":55877,"href":"https:\/\/www.insuco.com\/es\/wp-json\/wp\/v2\/project\/55873\/revisions\/55877"}],"wp:featuredmedia":[{"embeddable":true,"href":"https:\/\/www.insuco.com\/es\/wp-json\/wp\/v2\/media\/55870"}],"wp:attachment":[{"href":"https:\/\/www.insuco.com\/es\/wp-json\/wp\/v2\/media?parent=55873"}],"wp:term":[{"taxonomy":"project_category","embeddable":true,"href":"https:\/\/www.insuco.com\/es\/wp-json\/wp\/v2\/project_category?post=55873"},{"taxonomy":"project_tag","embeddable":true,"href":"https:\/\/www.insuco.com\/es\/wp-json\/wp\/v2\/project_tag?post=55873"},{"taxonomy":"region","embeddable":true,"href":"https:\/\/www.insuco.com\/es\/wp-json\/wp\/v2\/region?post=55873"},{"taxonomy":"secteur","embeddable":true,"href":"https:\/\/www.insuco.com\/es\/wp-json\/wp\/v2\/secteur?post=55873"},{"taxonomy":"services","embeddable":true,"href":"https:\/\/www.insuco.com\/es\/wp-json\/wp\/v2\/services?post=55873"},{"taxonomy":"client","embeddable":true,"href":"https:\/\/www.insuco.com\/es\/wp-json\/wp\/v2\/client?post=55873"}],"curies":[{"name":"wp","href":"https:\/\/api.w.org\/{rel}","templated":true}]}}

Análisis del Sistema Nacional de Gestión Ambiental y Social &#8211; Côte d&#8217;Ivoire<br><br>

<!-- This site is optimized with the Yoast SEO plugin v26.0 - https://yoast.com/wordpress/plugins/seo/ -->
<title>Análisis del Sistema Nacional de Gestión Ambiental y Social - Côte d&#039;Ivoire - Insuco</title>
<meta name="robots" content="index, follow, max-snippet:-1, max-image-preview:large, max-video-preview:-1" />
<link rel="canonical" href="https://www.insuco.com/es/project/analisis-del-sistema-nacional-de-gestion-ambiental-y-social-de-cote-d-ivoire/" />
<meta property="og:locale" content="es_ES" />
<meta property="og:type" content="article" />
<meta property="og:title" content="Análisis del Sistema Nacional de Gestión Ambiental y Social - Côte d&#039;Ivoire - Insuco" />
<meta property="og:url" content="https://www.insuco.com/es/project/analisis-del-sistema-nacional-de-gestion-ambiental-y-social-de-cote-d-ivoire/" />
<meta property="og:site_name" content="Insuco" />
<meta property="article:modified_time" content="2024-11-06T15:10:54+00:00" />
<meta property="og:image" content="https://www.insuco.com/wp-content/uploads/2024/11/Image1.jpg" />
	<meta property="og:image:width" content="605" />
	<meta property="og:image:height" content="454" />
	<meta property="og:image:type" content="image/jpeg" />
<meta name="twitter:card" content="summary_large_image" />
<script type="application/ld+json" class="yoast-schema-graph">{"@context":"https://schema.org","@graph":[{"@type":"WebPage","@id":"https://www.insuco.com/es/project/analisis-del-sistema-nacional-de-gestion-ambiental-y-social-de-cote-d-ivoire/","url":"https://www.insuco.com/es/project/analisis-del-sistema-nacional-de-gestion-ambiental-y-social-de-cote-d-ivoire/","name":"Análisis del Sistema Nacional de Gestión Ambiental y Social - Côte d'Ivoire - Insuco","isPartOf":{"@id":"https://www.insuco.com/es/#website"},"primaryImageOfPage":{"@id":"https://www.insuco.com/es/project/analisis-del-sistema-nacional-de-gestion-ambiental-y-social-de-cote-d-ivoire/#primaryimage"},"image":{"@id":"https://www.insuco.com/es/project/analisis-del-sistema-nacional-de-gestion-ambiental-y-social-de-cote-d-ivoire/#primaryimage"},"thumbnailUrl":"https://www.insuco.com/wp-content/uploads/2024/11/Image1.jpg","datePublished":"2024-11-06T15:01:31+00:00","dateModified":"2024-11-06T15:10:54+00:00","breadcrumb":{"@id":"https://www.insuco.com/es/project/analisis-del-sistema-nacional-de-gestion-ambiental-y-social-de-cote-d-ivoire/#breadcrumb"},"inLanguage":"es","potentialAction":[{"@type":"ReadAction","target":["https://www.insuco.com/es/project/analisis-del-sistema-nacional-de-gestion-ambiental-y-social-de-cote-d-ivoire/"]}]},{"@type":"ImageObject","inLanguage":"es","@id":"https://www.insuco.com/es/project/analisis-del-sistema-nacional-de-gestion-ambiental-y-social-de-cote-d-ivoire/#primaryimage","url":"https://www.insuco.com/wp-content/uploads/2024/11/Image1.jpg","contentUrl":"https://www.insuco.com/wp-content/uploads/2024/11/Image1.jpg","width":605,"height":454},{"@type":"BreadcrumbList","@id":"https://www.insuco.com/es/project/analisis-del-sistema-nacional-de-gestion-ambiental-y-social-de-cote-d-ivoire/#breadcrumb","itemListElement":[{"@type":"ListItem","position":1,"name":"Accueil","item":"https://www.insuco.com/es/"},{"@type":"ListItem","position":2,"name":"Proyectos","item":"https://www.insuco.com/es/project/"},{"@type":"ListItem","position":3,"name":"Análisis del Sistema Nacional de Gestión Ambiental y Social &#8211; Côte d&#8217;Ivoire"}]},{"@type":"WebSite","@id":"https://www.insuco.com/es/#website","url":"https://www.insuco.com/es/","name":"Insuco","description":"Local understanding for sustainable solutions","potentialAction":[{"@type":"SearchAction","target":{"@type":"EntryPoint","urlTemplate":"https://www.insuco.com/es/?s={search_term_string}"},"query-input":{"@type":"PropertyValueSpecification","valueRequired":true,"valueName":"search_term_string"}}],"inLanguage":"es"}]}</script>
<!-- / Yoast SEO plugin. -->

Análisis del Sistema Nacional de Gestión Ambiental y Social - Côte d'Ivoire - Insuco

Análisis del Sistema Nacional de Gestión Ambiental y Social &#8211; Côte d&#8217;Ivoire
